{"id":211,"date":"2025-05-22T12:50:15","date_gmt":"2025-05-22T10:50:15","guid":{"rendered":"https:\/\/www.genetyka.edu.pl\/2025\/?page_id=211"},"modified":"2025-06-26T13:21:20","modified_gmt":"2025-06-26T11:21:20","slug":"hotele","status":"publish","type":"page","link":"https:\/\/www.genetyka.edu.pl\/2025\/hotele\/","title":{"rendered":"Hotele"},"content":{"rendered":"\n<p class=\"has-text-align-center\"><strong>Zarezerwuj hotel \u2013 oferty specjalne dla Uczestnik\u00f3w konferencji:<\/strong><\/p>\n\n\n\n<figure class=\"wp-block-image aligncenter size-full is-resized\"><img loading=\"lazy\" decoding=\"async\" width=\"500\" height=\"107\" src=\"https:\/\/www.genetyka.edu.pl\/2025\/wp-content\/uploads\/2025\/06\/novotel.png\" alt=\"\" class=\"wp-image-251\" style=\"width:285px;height:auto\" srcset=\"https:\/\/www.genetyka.edu.pl\/2025\/wp-content\/uploads\/2025\/06\/novotel.png 500w, https:\/\/www.genetyka.edu.pl\/2025\/wp-content\/uploads\/2025\/06\/novotel-300x64.png 300w\" sizes=\"auto, (max-width: 500px) 100vw, 500px\" \/><figcaption class=\"wp-element-caption\">ul. Tadeusza Ko\u015bciuszki 5<\/figcaption><\/figure>\n\n\n\n<p class=\"has-small-font-size\">Kod promocyjny <strong>MEDVISA<\/strong> uprawnia uczestnik\u00f3w konferencji do<strong>  15% zni\u017cki<\/strong> od cen dost\u0119pnych na stronie hotelu.<\/p>\n\n\n\n<p class=\"has-small-font-size\">Zni\u017cka obowi\u0105zuje na rezerwacje dokonywane przez formularz (<a href=\"https:\/\/all.accor.com\/hotel\/3372\/index.pl.shtml\">przejd\u017a do formularza<\/a>) po wpisaniu we w\u0142a\u015bciwe miejsce kodu promocyjnego.<\/p>\n\n\n\n<hr class=\"wp-block-separator has-alpha-channel-opacity\"\/>\n\n\n\n<figure class=\"wp-block-image aligncenter size-full is-resized\"><img loading=\"lazy\" decoding=\"async\" width=\"225\" height=\"225\" src=\"https:\/\/www.genetyka.edu.pl\/2025\/wp-content\/uploads\/2025\/06\/ibis.png\" alt=\"\" class=\"wp-image-253\" style=\"width:119px;height:auto\" srcset=\"https:\/\/www.genetyka.edu.pl\/2025\/wp-content\/uploads\/2025\/06\/ibis.png 225w, https:\/\/www.genetyka.edu.pl\/2025\/wp-content\/uploads\/2025\/06\/ibis-150x150.png 150w\" sizes=\"auto, (max-width: 225px) 100vw, 225px\" \/><figcaption class=\"wp-element-caption\">ul. Syrokomli 2<\/figcaption><\/figure>\n\n\n\n<p class=\"has-small-font-size\">Kod promocyjny <strong>MEDVISA<\/strong> uprawnia uczestnik\u00f3w konferencji do<strong>  15% zni\u017cki<\/strong> od cen dost\u0119pnych na stronie hotelu.<\/p>\n\n\n\n<p class=\"has-small-font-size\">Zni\u017cka obowi\u0105zuje na rezerwacje dokonywane przez formularz (<a href=\"https:\/\/all.accor.com\/hotel\/3710\/index.pl.shtml\">przejd\u017a do formularza<\/a>) po wpisaniu we w\u0142a\u015bciwe miejsce kodu promocyjnego.<\/p>\n\n\n\n<hr class=\"wp-block-separator has-alpha-channel-opacity\"\/>\n\n\n\n<div class=\"wp-block-columns is-layout-flex wp-container-core-columns-is-layout-28f84493 wp-block-columns-is-layout-flex\">\n<div class=\"wp-block-column is-layout-flow wp-block-column-is-layout-flow\">\n<figure class=\"wp-block-image aligncenter size-full is-resized\"><img loading=\"lazy\" decoding=\"async\" width=\"945\" height=\"322\" src=\"https:\/\/www.genetyka.edu.pl\/2025\/wp-content\/uploads\/2025\/05\/201504271414530.the_bonerowski_palace_logo.png\" alt=\"\" class=\"wp-image-212\" style=\"width:293px;height:auto\" srcset=\"https:\/\/www.genetyka.edu.pl\/2025\/wp-content\/uploads\/2025\/05\/201504271414530.the_bonerowski_palace_logo.png 945w, https:\/\/www.genetyka.edu.pl\/2025\/wp-content\/uploads\/2025\/05\/201504271414530.the_bonerowski_palace_logo-300x102.png 300w, https:\/\/www.genetyka.edu.pl\/2025\/wp-content\/uploads\/2025\/05\/201504271414530.the_bonerowski_palace_logo-768x262.png 768w\" sizes=\"auto, (max-width: 945px) 100vw, 945px\" \/><figcaption class=\"wp-element-caption\">Rynek G\u0142\u00f3wny 42 \/ ul. \u015aw. Jana 1<\/figcaption><\/figure>\n<\/div>\n<\/div>\n\n\n\n<p class=\"has-small-font-size\">Na has\u0142o&nbsp;<strong>DYSMORFOLOGIA <\/strong>uczestnicy konferencji otrzymaj\u0105&nbsp;<strong>zni\u017ck\u0119 5%<\/strong>&nbsp;od cen dost\u0119pnych na stronie hotelu&nbsp;<a href=\"http:\/\/www.palacbonerowski.pl\/\">www.palacbonerowski.pl<\/a><\/p>\n\n\n\n<p class=\"has-small-font-size\">Aby skorzysta\u0107 z tej oferty, nale\u017cy dokona\u0107 rezerwacji za po\u015brednictwem adresu:&nbsp;<strong><a href=\"mailto:recepcja@palacbonerowski.pl\">recepcja@palacbonerowski.pl<\/a><\/strong>&nbsp;<\/p>\n\n\n\n<hr class=\"wp-block-separator has-alpha-channel-opacity\"\/>\n\n\n\n<figure class=\"wp-block-image aligncenter size-full is-resized\"><img decoding=\"async\" src=\"https:\/\/www.genetyka.edu.pl\/2025\/wp-content\/uploads\/2025\/05\/hotel-krupnicza-30.svg\" alt=\"\" class=\"wp-image-219\" style=\"width:298px;height:auto\"\/><figcaption class=\"wp-element-caption\">ul. Krupnicza 30<\/figcaption><\/figure>\n\n\n\n<p class=\"has-text-align-center has-small-font-size\">KOD ZNI\u017bKOWY: <strong>MEDVISA<\/strong><\/p>\n\n\n\n<p class=\"has-small-font-size\">Uczestnicy konferencji otrzymuj\u0105 kod zni\u017ckowy -15% na wszystkie rezerwacje dokonywane przez stron\u0119 internetow\u0105: <a href=\"https:\/\/www.larishotels.com\/hotel-krupnicza-30\">https:\/\/www.larishotels.com\/hotel-krupnicza-30<\/a><\/p>\n\n\n\n<p class=\"has-small-font-size\">Kod obowi\u0105zuje na rezerwacje w dniach 1-5 pa\u017adziernika 2025 r.<\/p>\n\n\n\n<hr class=\"wp-block-separator has-alpha-channel-opacity\"\/>\n\n\n\n<figure class=\"wp-block-image aligncenter size-full is-resized\"><img decoding=\"async\" src=\"https:\/\/www.genetyka.edu.pl\/2025\/wp-content\/uploads\/2025\/05\/rajska-residence-sygnet.svg\" alt=\"\" class=\"wp-image-221\" style=\"width:150px\"\/><figcaption class=\"wp-element-caption\">ul. Rajska 20<\/figcaption><\/figure>\n\n\n\n<p class=\"has-text-align-center has-small-font-size\">KOD ZNI\u017bKOWY: <strong>MEDVISA<\/strong><\/p>\n\n\n\n<p class=\"has-small-font-size\">Uczestnicy konferencji otrzymuj\u0105 kod zni\u017ckowy -15% na pobyt w Rajska Residence na wszystkie rezerwacje dokonywane przez stron\u0119 internetow\u0105: <a href=\"https:\/\/www.larishotels.com\/rajska-residence\">https:\/\/www.larishotels.com\/rajska-residence<\/a><\/p>\n\n\n\n<p class=\"has-small-font-size\">Kod obowi\u0105zuje na rezerwacje w dniach 1-5 pa\u017adziernika 2025 r.<\/p>\n\n\n\n<p><\/p>\n","protected":false},"excerpt":{"rendered":"<p>Zarezerwuj hotel \u2013 oferty specjalne dla Uczestnik\u00f3w konferencji: Kod promocyjny MEDVISA uprawnia uczestnik\u00f3w konferencji do 15% zni\u017cki od cen dost\u0119pnych na stronie hotelu. Zni\u017cka obowi\u0105zuje na rezerwacje dokonywane przez formularz (przejd\u017a do formularza) po wpisaniu we w\u0142a\u015bciwe miejsce kodu promocyjnego. Kod promocyjny MEDVISA uprawnia uczestnik\u00f3w konferencji do 15% zni\u017cki od cen dost\u0119pnych na stronie hotelu. [&hellip;]<\/p>\n","protected":false},"author":1,"featured_media":0,"parent":0,"menu_order":0,"comment_status":"closed","ping_status":"closed","template":"","meta":{"_acf_changed":false,"footnotes":""},"class_list":["post-211","page","type-page","status-publish","hentry"],"acf":[],"_links":{"self":[{"href":"https:\/\/www.genetyka.edu.pl\/2025\/wp-json\/wp\/v2\/pages\/211","targetHints":{"allow":["GET"]}}],"collection":[{"href":"https:\/\/www.genetyka.edu.pl\/2025\/wp-json\/wp\/v2\/pages"}],"about":[{"href":"https:\/\/www.genetyka.edu.pl\/2025\/wp-json\/wp\/v2\/types\/page"}],"author":[{"embeddable":true,"href":"https:\/\/www.genetyka.edu.pl\/2025\/wp-json\/wp\/v2\/users\/1"}],"replies":[{"embeddable":true,"href":"https:\/\/www.genetyka.edu.pl\/2025\/wp-json\/wp\/v2\/comments?post=211"}],"version-history":[{"count":8,"href":"https:\/\/www.genetyka.edu.pl\/2025\/wp-json\/wp\/v2\/pages\/211\/revisions"}],"predecessor-version":[{"id":256,"href":"https:\/\/www.genetyka.edu.pl\/2025\/wp-json\/wp\/v2\/pages\/211\/revisions\/256"}],"wp:attachment":[{"href":"https:\/\/www.genetyka.edu.pl\/2025\/wp-json\/wp\/v2\/media?parent=211"}],"curies":[{"name":"wp","href":"https:\/\/api.w.org\/{rel}","templated":true}]}}